237*v - 2519. What is the remainder when y(-16) is divided by 162?
139
Let c = 170 - 164. Suppose -6412 = -c*d - 22*d. What is the remainder when d is divided by 34?
25
Suppose -72 + 0 = -3*o. Let r = -1201 - -664. Let d = r - -603. Calculate the remainder when d is divided by o.
18
Suppose x = -4*d + 4, -5*d = -3*x + 8 - 30. Let c be 1*x*3/6*-80. Suppose c = 9*v + 43. What is the remainder when 38 is divided by v?
12
Let b(h) = 2*h**3 - 37*h**2 + 58*h - 25. What is the remainder when 749 is divided by b(17)?
91
Suppose 17*x - 13*x + 4*o = 444, x = 5*o + 87. What is the remainder when 397 is divided by x?
76
Let z(k) = 119*k + 1223. Calculate the remainder when 195 is divided by z(-10).
30
Suppose 347*t - 1995 = 342*t. Calculate the remainder when t is divided by 140.
119
Let x(d) = 2*d**3 - 17*d**2 + 10*d - 11. Suppose 3*c = 4*r - 0*c - 700, -5*r + 4*c = -876. What is the remainder when r is divided by x(8)?
2
Let q be ((-1)/3 - (-166)/3)/1. Let s = -52 + q. Calculate the remainder when 13 is divided by ((-2)/(-4))/(s/48).
5
Let y = 177 + -169. Suppose -j - 32 + 10 = 0. Let q = j + 26. What is the remainder when y is divided by q?
0
Let z = 11336 - 11135. Calculate the remainder when 3810 is divided by z.
192
Calculate the remainder when (67/268)/(1/1404) is divided by 126.
99
Suppose 6*u - 146 - 64 = 0. Suppose -u*w + 32 = -19*w. Calculate the remainder when 10 is divided by w.
0
Let m = -82 + 167. Let l = m + -68. Suppose k + l = 28. What is the remainder when 19 is divided by k?
8
What is the remainder when 1510 is divided by (3 - (-120)/(-44)) + 7119/33?
214
Let m be (-12)/(-30) + -13*1/(-5). Let u = m + 28. What is the remainder when 46 is divided by u?
15
Suppose -167 = 170*g - 1017. Calculate the remainder when 308 is divided by g.
3
Suppose 23*q - 166 + 580 = 0. What is the remainder when (q/(-24))/(1/48) is divided by 12 + (6 + -2)/(-2)?
6
Let x = -63 - -99. Let q(j) = 78*j**3 + 2*j**2 - 2*j - 2. Let a be q(-1). Calculate the remainder when x is divided by (0 - a/6) + (-17)/(-51).
10
Suppose 5*i + 89 = 2*q, -i - i + 124 = 3*q. Let c = 31419 + -31170. What is the remainder when c is divided by q?
39
Let o(w) = -188*w - 290. What is the remainder when 22959 is divided by o(-2)?
83
Let x(p) = -5*p + 11. Suppose r - 5*b = -39, -r - 10 = b + 23. What is the remainder when x(r) is divided by 14?
13
Let i be (0 - -12) + -2 + (-3)/(-1). Suppose -27*c + 350 = -i*c. What is the remainder when 89 is divided by c?
14
Let h(u) = -u**3 + u**2 - 10*u + 20. Let t be h(-5). Let s = -183 + t. What is the remainder when 221 is divided by s?
36
Let c(k) = 11*k + 588. What is the remainder when c(13) is divided by 62?
49
Suppose 3*r = -48*j + 51*j - 24, -2*j = 4*r - 28. What is the remainder when 68 is divided by j?
8
Suppose -14*b + 4557 = 7*b. Let w = b - 179. Calculate the remainder when w is divided by 20.
18
Calculate the remainder when 306 is divided by 68/(-119) + 516/21.
18
Let o = 246 + -235. Calculate the remainder when 922 is divided by o.
9
Let v = -112 + 115. Suppose -4*y + 2*t = -78, -4*y + 18 = -v*y - 2*t. Calculate the remainder when y is divided by (-10)/25 - 126/(-15).
4
Suppose 0 = 31*h - 28*h + 5*j - 687, 0 = -5*h + j + 1117. Suppose 4*m - 3*a = h, -4*m + 38 = -5*a - 178. What is the remainder when 160 is divided by m?
42
Let r(i) = 39*i - 12*i - 30*i + 38. What is the remainder when r(-8) is divided by 32?
30
Suppose -2*b = -2*q - b - 5, 5*q + 2 = -b. Let v = -119 - -214. Calculate the remainder when v is divided by (-426)/(-27) - q/9*2.
15
Suppose 0 = 630*k - 627*k - 51. Calculate the remainder when 95 is divided by k.
10
Let o(z) = -z**3 - 7*z**2 - 11*z + 6. Let b be o(-4). Suppose m = -b*q + 14, q + 23 = 4*m - 3*m. What is the remainder when 55 is divided by m?
15
Let d = -50 - -51. Let c be d/3 - (-20)/12. Calculate the remainder when 20 is divided by 5*12/9 - c/(-6).
6
Let z be (-1)/(-3 - 20/(-8)). Suppose 3*u - 4 - z = 0. Suppose -u*g + 32 = 2*g. What is the remainder when 15 is divided by g?
7
Let i = 393 - 353. Suppose -9*j - 12 = -2*n - 12*j, 5*n + 5*j = i. Calculate the remainder when 32 is divided by n.
8
Let r = -8742 - -8768. Calculate the remainder when r is divided by 11.
4
Let j(i) = -38*i - 659. Calculate the remainder when 1006 is divided by j(-19).
61
Let z(w) = -39*w - 631. Let u(g) = -4*g**2 + 2*g + 2. Let h(d) = -d**2 + 1. Let l(i) = -5*h(i) + u(i). What is the remainder when z(-17) is divided by l(3)?
8
What is the remainder when 96/(-18)*((-2 - 34) + -9) is divided by 120?
0
Suppose 3*g - 5 = 1. Let u be (-206608)/(-518) + 1*2/14. Suppose 11*f - 564 = -u. What is the remainder when f is divided by g?
1
Suppose d - 5*x - 56 = 0, 5*d - d = 3*x + 275. Calculate the remainder when d is divided by (101682/(-4035))/(((-4)/5)/2).
8
Let o(u) = 16*u**2 + 2. Let j be o(-1). Let s(f) = f**3 - 17*f**2 - 13*f - 28. What is the remainder when s(j) is divided by 13?
10
Suppose -3*g + 0*g + 20734 = 11*g. What is the remainder when g is divided by 14?
11
Suppose 0 = -8*s + 5*s - 375. Let g = s - -177. Calculate the remainder when g is divided by 27.
25
Let n(k) = k**2 + 5*k + 4. Suppose 209*l + 0*l = 6383 + 3231. Calculate the remainder when l is divided by n(-6).
6
Let i = -6502 - -7743. What is the remainder when i is divided by 4/(-3)*(-69)/2?
45
Suppose 0 = -585*b + 537*b + 3141 + 8811. Suppose -139 - 61 = -4*l. What is the remainder when b is divided by l?
49
Suppose 2*x = x + 91. Calculate the remainder when x is divided by (-8)/20*(-10)/(-8)*-46.
22
Let j = 39 - 45. Let p(a) = -2*a - 3. Calculate the remainder when 66 is divided by p(j).
3
Let a(n) = -484*n**3 + 25*n**2 + 19*n - 2. What is the remainder when a(-1) is divided by 22?
4
Let c = -3648 + 3778. Suppose 148 + 88 = 4*t. What is the remainder when c is divided by t?
12
Suppose -21*f + 23565 = -2076. What is the remainder when f is divided by 53?
2
Suppose 0 + 2 = z. Let r = 41 - 3. Suppose -6 = z*k - r. Calculate the remainder when 26 is divided by k.
10
Let a = -4258 - -4275. Calculate the remainder when 28217 is divided by a.
14
Let i = 101 + -81. Suppose 7*m - 11*m = -i. Suppose l + m*k = 25 - 0, -2*k + 25 = l. Calculate the remainder when 72 is divided by l.
22
Suppose 0 = -5*c + 2*c + 126. Suppose 4252 + 3111 = 24*q + 2347. Calculate the remainder when q is divided by c.
41
Suppose -5*v + 4*v = 4*u - 639, 2*v = u - 171. Suppose 419*b - 15 = 422*b, 4*m = -5*b + 107. Calculate the remainder when u is divided by m.
29
Calculate the remainder when -3*1313/78*-50 is divided by 22.
17
Suppose 46*f - 64*f = 0. Let k(n) = -n**3 + 28*n + 5. What is the remainder when 26 is divided by k(f)?
1
Suppose 0 = 3*o - 0 - 9. Suppose 173 = 2*u - 3*h, -5*u + 2*u - o*h = -297. What is the remainder when 3*(-3 + 4/(24/u)) is divided by 13?
12
Let r(q) = -2*q**2 - 31*q - 33. Let w be r(-16). What is the remainder when (w/28)/(2/(-96)) is divided by 29?
26
Suppose 0 = 5*k - 4*m - 8122, k = -5*m + 850 + 815. What is the remainder when k is divided by 35?
20
Suppose -10*i - 961 = -1451. Suppose m - 17 = 10. What is the remainder when i is divided by m?
22
Let l be (-261)/(-6) - (-8)/16. Calculate the remainder when 144 is divided by -1*(-6)/(30/(-5)) + l.
15
Suppose -3*s - 913 = -5*r, 3*r + 4*s + 639 = 1152. Calculate the remainder when 20224 is divided by r.
176
Suppose v = -3, 81 = 4*o - 3*o + 5*v. What is the remainder when 411 is divided by o?
27
Let s(u) = 19*u - 6. Let m be s(-22). Let x = m - -448. Let g(p) = p**3 - 7*p**2 + 2*p - 1. Calculate the remainder when x is divided by g(7).
11
Let v = 37228 + -37209. Calculate the remainder when 66 is divided by v.
9
Let u = -13 + 23. Suppose 3*b + u = b + 5*d, -9 = -b - d. Suppose -3*o = -3*a + 6 + 45, 3*a - 43 = -b*o. Calculate the remainder when 60 is divided by a.
12
Let q(u) = 4*u**2 + 3*u - 16. Let g be q(7). Suppose -g = -5*b - 536. Let t = -16 - b. What is the remainder when t is divided by 18?
15
Suppose 2*r + g - 389 = 0, -3*g = -5*r + 424 + 521. Suppose 0 = -37*f + 43*f - r. Calculate the remainder when f is divided by 28.
4
Let x = -635 - -931. What is the remainder when x is divided by 75?
71
Suppose -5*c - 30 = -3*w, c - 2*w + 8 + 5 = 0. Let j be c + 2/6*39. Suppose -j*i = -7*i - 60. Calculate the remainder when 3